{"id":472,"date":"2018-09-23T12:30:21","date_gmt":"2018-09-23T10:30:21","guid":{"rendered":"http:\/\/alde.lu\/wp\/?page_id=472"},"modified":"2022-01-24T23:35:34","modified_gmt":"2022-01-24T21:35:34","slug":"conferences-a-venir","status":"publish","type":"page","link":"http:\/\/alde.lu\/?page_id=472","title":{"rendered":"Conf\u00e9rences \u00e0 venir"},"content":{"rendered":"<p><div class=\"fusion-fullwidth fullwidth-box fusion-builder-row-1 nonhundred-percent-fullwidth non-hundred-percent-height-scrolling\" style=\"--awb-border-radius-top-left:0px;--awb-border-radius-top-right:0px;--awb-border-radius-bottom-right:0px;--awb-border-radius-bottom-left:0px;--awb-flex-wrap:wrap;\" ><div class=\"fusion-builder-row fusion-row\"><div class=\"fusion-layout-column fusion_builder_column fusion-builder-column-0 fusion_builder_column_1_1 1_1 fusion-one-full fusion-column-first fusion-column-last\" style=\"--awb-bg-size:cover;\"><div class=\"fusion-column-wrapper fusion-flex-column-wrapper-legacy\"><div class=\"fusion-blog-shortcode fusion-blog-shortcode-1 fusion-blog-archive fusion-blog-layout-large fusion-blog-no\"><div class=\"fusion-posts-container fusion-posts-container-no fusion-no-meta-info\" data-pages=\"49\"><article id=\"blog-1-post-43213\" class=\"fusion-post-large post-43213 post type-post status-publish format-standard has-post-thumbnail hentry category-conference-debat tag-24\">\n\t<style type=\"text\/css\">\n\t\t\n\t\t\n\t\t\n\t\t\n\t\t\t<\/style>\n\n\n\t\t\t<div class=\"fusion-flexslider flexslider fusion-flexslider-loading fusion-post-slideshow\" style=\"\">\n\t\t<ul class=\"slides\">\n\t\t\t\n\t\t\t\t\t\t\t\t\t\t\t\t\t\t<li><div  class=\"fusion-image-wrapper\" aria-haspopup=\"true\">\n\t\t\t\t\t\t\t<a href=\"http:\/\/alde.lu\/?p=43213\" aria-label=\"GREEN CITIES AND SUSTAINABLE URBANISM : Yesterday, Today, and Tomorrow\">\n\t\t\t\t\t\t\t<img decoding=\"async\" width=\"1097\" height=\"577\" src=\"http:\/\/alde.lu\/wp\/wp-content\/uploads\/2026\/04\/A9k8xjjr_2q0c8g_284s.png\" class=\"attachment-full size-full wp-post-image\" alt=\"\" srcset=\"http:\/\/alde.lu\/wp\/wp-content\/uploads\/2026\/04\/A9k8xjjr_2q0c8g_284s-200x105.png 200w, http:\/\/alde.lu\/wp\/wp-content\/uploads\/2026\/04\/A9k8xjjr_2q0c8g_284s-400x210.png 400w, http:\/\/alde.lu\/wp\/wp-content\/uploads\/2026\/04\/A9k8xjjr_2q0c8g_284s-600x316.png 600w, http:\/\/alde.lu\/wp\/wp-content\/uploads\/2026\/04\/A9k8xjjr_2q0c8g_284s-800x421.png 800w, http:\/\/alde.lu\/wp\/wp-content\/uploads\/2026\/04\/A9k8xjjr_2q0c8g_284s.png 1097w\" sizes=\"(max-width: 800px) 100vw, 1097px\" \/>\t\t\t<\/a>\n\t\t\t\t\t\t\t<\/div>\n<\/li>\n\t\t\t\n\t\t\t\n\t\t\t\t\t\t\t\t\t\t\t\t\t\t\t\t\t\t\t\t\t\t\t\t\t\t\t\t\t\t\t\t\t\t\t\t\t\t\t\t\t\t\t\t\t\t\t\t\t\t\t\t\t\t\t\t\t\t\t\t\t\t\t\t\t\t\t\t<\/ul>\n\t<\/div>\n\t<div class=\"fusion-post-content post-content\"><div class=\"fusion-post-content-container\"><p><div class=\"fusion-fullwidth fullwidth-box fusion-builder-row-1-1 nonhundred-percent-fullwidth non-hundred-percent-height-scrolling\" style=\"--awb-border-radius-top-left:0px;--awb-border-radius-top-right:0px;--awb-border-radius-bottom-right:0px;--awb-border-radius-bottom-left:0px;--awb-flex-wrap:wrap;\" ><div class=\"fusion-builder-row fusion-row\"><div class=\"fusion-layout-column fusion_builder_column fusion-builder-column-1 fusion_builder_column_1_1 1_1 fusion-one-full fusion-column-first fusion-column-last\" style=\"--awb-bg-size:cover;\"><div class=\"fusion-column-wrapper fusion-flex-column-wrapper-legacy\"><div class=\"fusion-text fusion-text-1\"><h1>Conf\u00e9rence<\/h1>\n<h1><b><i>\u00ab\u00a0<\/i><\/b><b><i>GREEN CITIES AND SUSTAINABLE URBANISM : Yesterday, Today, and Tomorrow<\/i><\/b><b><i>\u00a0\u00bb<\/i><\/b><b><\/b><\/h1>\n<h4><b><u>Inscription\u00a0:<\/u><\/b><b><\/b><\/h4>\n<h4>Les personnes qui d\u00e9sirent participer \u00e0 cette conf\u00e9rence sont pri\u00e9es d\u2019utiliser le lien figurant sur le formulaire d\u2019inscription en annexe ou en suivant le lien suivant :\u00a0<a href=\"https:\/\/pretix.eu\/bnl\/green\/\" target=\"_blank\" rel=\"noopener\" data-saferedirecturl=\"https:\/\/www.google.com\/url?q=https:\/\/pretix.eu\/bnl\/green\/&amp;source=gmail&amp;ust=1775086246851000&amp;usg=AOvVaw0GnEu9CZ6K0QOk3x7vtNDm\">https:\/\/pretix.eu\/bnl\/green\/<\/a><\/h4>\n<h4><\/h4>\n<h4>L\u2019inscription est gratuite.<\/h4>\n<div><\/div>\n<h3>Jeudi, 23 avril\u00a0 2026, \u00e0 19h00,<br \/>\n\u00e0 la\u00a0<strong><b>Biblioth\u00e8que Nationale de Luxembourg,<br \/>\n37D avenue John F. Kennedy \u00e0 Luxembourg<br \/>\n<\/b><\/strong><\/h3>\n<h3><\/h3>\n<\/div><div class=\"fusion-clearfix\"><\/div><\/div><\/div><\/div><\/div><div class=\"fusion-fullwidth fullwidth-box fusion-builder-row-1-2 fusion-flex-container has-pattern-background has-mask-background nonhundred-percent-fullwidth non-hundred-percent-height-scrolling\" style=\"--awb-border-radius-top-left:0px;--awb-border-radius-top-right:0px;--awb-border-radius-bottom-right:0px;--awb-border-radius-bottom-left:0px;--awb-flex-wrap:wrap;\" ><div class=\"fusion-builder-row fusion-row fusion-flex-align-items-flex-start fusion-flex-content-wrap\" style=\"width:104% !important;max-width:104% !important;margin-left: calc(-4% \/ 2 );margin-right: calc(-4% \/ 2 );\"><div class=\"fusion-layout-column fusion_builder_column fusion-builder-column-2 fusion_builder_column_1_2 1_2 fusion-flex-column\" style=\"--awb-bg-size:cover;--awb-width-large:50%;--awb-flex-grow:0;--awb-flex-shrink:0;--awb-margin-top-large:0px;--awb-spacing-right-large:3.84%;--awb-margin-bottom-large:20px;--awb-spacing-left-large:3.84%;--awb-width-medium:100%;--awb-order-medium:0;--awb-flex-grow-medium:0;--awb-flex-shrink-medium:0;--awb-spacing-right-medium:1.92%;--awb-spacing-left-medium:1.92%;--awb-width-small:100%;--awb-order-small:0;--awb-flex-grow-small:0;--awb-flex-shrink-small:0;--awb-spacing-right-small:1.92%;--awb-spacing-left-small:1.92%;\"><div class=\"fusion-column-wrapper fusion-column-has-shadow fusion-flex-justify-content-flex-start fusion-content-layout-column\"><div ><a class=\"fusion-button button-flat fusion-button-default-size button-default fusion-button-default button-1 fusion-button-default-span fusion-button-default-type\" target=\"_blank\" rel=\"noopener noreferrer\" href=\"http:\/\/alde.lu\/wp\/wp-content\/uploads\/2026\/04\/conference_260423_inscription.pdf\"><span class=\"fusion-button-text awb-button__text awb-button__text--default\">Inscription<\/span><\/a><\/div><\/div><\/div><\/div><\/div><\/p>\n<\/div><\/div><div class=\"fusion-clearfix\"><\/div><\/article>\n<\/div><\/div>\n<div class=\"fusion-clearfix\"><\/div><\/div><\/div><\/div><\/div><\/p>\n","protected":false},"excerpt":{"rendered":"","protected":false},"author":3,"featured_media":0,"parent":468,"menu_order":10,"comment_status":"closed","ping_status":"closed","template":"","meta":{"footnotes":""},"class_list":["post-472","page","type-page","status-publish","hentry"],"_links":{"self":[{"href":"http:\/\/alde.lu\/index.php?rest_route=\/wp\/v2\/pages\/472","targetHints":{"allow":["GET"]}}],"collection":[{"href":"http:\/\/alde.lu\/index.php?rest_route=\/wp\/v2\/pages"}],"about":[{"href":"http:\/\/alde.lu\/index.php?rest_route=\/wp\/v2\/types\/page"}],"author":[{"embeddable":true,"href":"http:\/\/alde.lu\/index.php?rest_route=\/wp\/v2\/users\/3"}],"replies":[{"embeddable":true,"href":"http:\/\/alde.lu\/index.php?rest_route=%2Fwp%2Fv2%2Fcomments&post=472"}],"version-history":[{"count":10,"href":"http:\/\/alde.lu\/index.php?rest_route=\/wp\/v2\/pages\/472\/revisions"}],"predecessor-version":[{"id":40300,"href":"http:\/\/alde.lu\/index.php?rest_route=\/wp\/v2\/pages\/472\/revisions\/40300"}],"up":[{"embeddable":true,"href":"http:\/\/alde.lu\/index.php?rest_route=\/wp\/v2\/pages\/468"}],"wp:attachment":[{"href":"http:\/\/alde.lu\/index.php?rest_route=%2Fwp%2Fv2%2Fmedia&parent=472"}],"curies":[{"name":"wp","href":"https:\/\/api.w.org\/{rel}","templated":true}]}}

Conférences à venir

<p><div class="fusion-fullwidth fullwidth-box fusion-builder-row-1 nonhundred-percent-fullwidth non-hundred-percent-height-scrolling" style="--awb-border-radius-top-left:0px;--awb-border-radius-top-right:0px;--awb-border-radius-bottom-right:0px;--awb-border-radius-bottom-left:0px;--awb-flex-wrap:wrap;" ><div class="fusion-builder-row fusion-row"><div class="fusion-layout-column fusion_builder_column fusion-builder-column-0 fusion_builder_column_1_1 1_1 fusion-one-full fusion-column-first fusion-column-last" style="--awb-bg-size:cover;"><div class="fusion-column-wrapper fusion-flex-column-wrapper-legacy"><div class="fusion-blog-shortcode fusion-blog-shortcode-1 fusion-blog-archive fusion-blog-layout-large fusion-blog-no"><div class="fusion-posts-container fusion-posts-container-no fusion-no-meta-info" data-pages="49"><article id="blog-1-post-43213" class="fusion-post-large post-43213 post type-post status-publish format-standard has-post-thumbnail hentry category-conference-debat tag-24">
	<style type="text/css">
		
		
		
		
			</style>


			<div class="fusion-flexslider flexslider fusion-flexslider-loading fusion-post-slideshow" style="">
		<ul class="slides">
			
														<li><div  class="fusion-image-wrapper" aria-haspopup="true">
							<a href="http://alde.lu/?p=43213" aria-label="GREEN CITIES AND SUSTAINABLE URBANISM : Yesterday, Today, and Tomorrow">
							<img decoding="async" width="1097" height="577" src="http://alde.lu/wp/wp-content/uploads/2026/04/A9k8xjjr_2q0c8g_284s.png" class="attachment-full size-full wp-post-image" alt="" srcset="http://alde.lu/wp/wp-content/uploads/2026/04/A9k8xjjr_2q0c8g_284s-200x105.png 200w, http://alde.lu/wp/wp-content/uploads/2026/04/A9k8xjjr_2q0c8g_284s-400x210.png 400w, http://alde.lu/wp/wp-content/uploads/2026/04/A9k8xjjr_2q0c8g_284s-600x316.png 600w, http://alde.lu/wp/wp-content/uploads/2026/04/A9k8xjjr_2q0c8g_284s-800x421.png 800w, http://alde.lu/wp/wp-content/uploads/2026/04/A9k8xjjr_2q0c8g_284s.png 1097w" sizes="(max-width: 800px) 100vw, 1097px" />			</a>
							</div>
</li>
			
			
																																																																				</ul>
	</div>
	<div class="fusion-post-content post-content"><div class="fusion-post-content-container"><p><div class="fusion-fullwidth fullwidth-box fusion-builder-row-1-1 nonhundred-percent-fullwidth non-hundred-percent-height-scrolling" style="--awb-border-radius-top-left:0px;--awb-border-radius-top-right:0px;--awb-border-radius-bottom-right:0px;--awb-border-radius-bottom-left:0px;--awb-flex-wrap:wrap;" ><div class="fusion-builder-row fusion-row"><div class="fusion-layout-column fusion_builder_column fusion-builder-column-1 fusion_builder_column_1_1 1_1 fusion-one-full fusion-column-first fusion-column-last" style="--awb-bg-size:cover;"><div class="fusion-column-wrapper fusion-flex-column-wrapper-legacy"><div class="fusion-text fusion-text-1"><h1>Conférence</h1>
<h1><b><i>« </i></b><b><i>GREEN CITIES AND SUSTAINABLE URBANISM : Yesterday, Today, and Tomorrow</i></b><b><i> »</i></b><b></b></h1>
<h4><b><u>Inscription :</u></b><b></b></h4>
<h4>Les personnes qui désirent participer à cette conférence sont priées d’utiliser le lien figurant sur le formulaire d’inscription en annexe ou en suivant le lien suivant : <a href="https://pretix.eu/bnl/green/" target="_blank" rel="noopener" data-saferedirecturl="https://www.google.com/url?q=https://pretix.eu/bnl/green/&amp;source=gmail&amp;ust=1775086246851000&amp;usg=AOvVaw0GnEu9CZ6K0QOk3x7vtNDm">https://pretix.eu/bnl/green/</a></h4>
<h4></h4>
<h4>L’inscription est gratuite.</h4>
<div></div>
<h3>Jeudi, 23 avril  2026, à 19h00,<br />
à la <strong><b>Bibliothèque Nationale de Luxembourg,<br />
37D avenue John F. Kennedy à Luxembourg<br />
</b></strong></h3>
<h3></h3>
</div><div class="fusion-clearfix"></div></div></div></div></div><div class="fusion-fullwidth fullwidth-box fusion-builder-row-1-2 fusion-flex-container has-pattern-background has-mask-background nonhundred-percent-fullwidth non-hundred-percent-height-scrolling" style="--awb-border-radius-top-left:0px;--awb-border-radius-top-right:0px;--awb-border-radius-bottom-right:0px;--awb-border-radius-bottom-left:0px;--awb-flex-wrap:wrap;" ><div class="fusion-builder-row fusion-row fusion-flex-align-items-flex-start fusion-flex-content-wrap" style="width:104% !important;max-width:104% !important;margin-left: calc(-4% / 2 );margin-right: calc(-4% / 2 );"><div class="fusion-layout-column fusion_builder_column fusion-builder-column-2 fusion_builder_column_1_2 1_2 fusion-flex-column" style="--awb-bg-size:cover;--awb-width-large:50%;--awb-flex-grow:0;--awb-flex-shrink:0;--awb-margin-top-large:0px;--awb-spacing-right-large:3.84%;--awb-margin-bottom-large:20px;--awb-spacing-left-large:3.84%;--awb-width-medium:100%;--awb-order-medium:0;--awb-flex-grow-medium:0;--awb-flex-shrink-medium:0;--awb-spacing-right-medium:1.92%;--awb-spacing-left-medium:1.92%;--awb-width-small:100%;--awb-order-small:0;--awb-flex-grow-small:0;--awb-flex-shrink-small:0;--awb-spacing-right-small:1.92%;--awb-spacing-left-small:1.92%;"><div class="fusion-column-wrapper fusion-column-has-shadow fusion-flex-justify-content-flex-start fusion-content-layout-column"><div ><a class="fusion-button button-flat fusion-button-default-size button-default fusion-button-default button-1 fusion-button-default-span fusion-button-default-type" target="_blank" rel="noopener noreferrer" href="http://alde.lu/wp/wp-content/uploads/2026/04/conference_260423_inscription.pdf"><span class="fusion-button-text awb-button__text awb-button__text--default">Inscription</span></a></div></div></div></div></div></p>
</div></div><div class="fusion-clearfix"></div></article>
</div></div>
<div class="fusion-clearfix"></div></div></div></div></div></p>
